e remainder when s is divided by v?
13
Let a = 32 + -3. What is the remainder when 55 is divided by a?
26
Suppose 5*r + 205 - 615 = 0. Calculate the remainder when r is divided by 28.
26
Suppose -6*p = -4*p - 4*r - 24, -2*r = 5*p. Calculate the remainder when 42 is divided by (15 + -2 + p)*1.
12
What is the remainder when 81 is divided by 3/9*57 + 2?
18
Let m(x) = x**3 - 5*x**2 - 7*x - 9. What is the remainder when m(7) is divided by 11?
7
Let k = -330 + 618. Suppose -k = -4*a - 48. What is the remainder when (5/15)/(2/a) is divided by 6?
4
Let i = -3 - 0. Calculate the remainder when 1 - (2 + -47 - i) is divided by 11.
10
Let t(q) = 4*q + 1. Let s be t(4). Suppose 2 = -3*j + s. Calculate the remainder when 2/9 - 474/(-54) is divided by j.
4
Let h(o) = o**2 - 19*o + 6. Calculate the remainder when h(19) is divided by 3.
0
Let h be (-2)/(-3) - (-4)/(-6). Suppose h*w + 25 = w. What is the remainder when w is divided by 6/4*(12 - 6)?
7
Calculate the remainder when 125 is divided by (26/(-26))/((-2)/28).
13
Suppose 4*m = 4*q - 0*q + 92, 5*q - 29 = -m. Calculate the remainder when m is divided by 10.
4
Suppose 6*k - 2*k = s + 150, -4*k + 2*s = -148. What is the remainder when 56 is divided by -1*k*7/(-14)?
18
Let j = 0 - -6. Suppose j = -0*z + z. Suppose d + 4*s = 2, d - z*s + 2*s = 26. What is the remainder when d is divided by 5?
4
Let m = 15 + -6. Calculate the remainder when 15 is divided by m.
6
Let j(s) = 26*s + 4. Let w be j(3). Suppose 0 = -4*z + w + 38. What is the remainder when z is divided by 8?
6
Let d be 6/4*(-8)/(-12). What is the remainder when 5 is divided by (-4 - -2)*-1*d?
1
Suppose -3*z = 74 - 215. Calculate the remainder when z is divided by 16.
15
What is the remainder when 9 is divided by 140/21 + 10/(-6)?
4
Let b be (-291)/(-15) - (-4)/(-10). Suppose -v - 4 = -c, -5*v - b = -5*c + c. Calculate the remainder when 2 - (2 - 2) - v is divided by 2.
1
Let w(k) = -k**2 + 3*k + 4. Let f be w(3). Let z = 133 - 62. Suppose 3*n = -f*y - 2 + z, n - 33 = -2*y. What is the remainder when y is divided by 8?
7
Let k = -8 + 13. Suppose -2*i + 0*i = -16. Calculate the remainder when i is divided by k.
3
Suppose -5*r - 15 = -8*r. Suppose -38 = -5*k + 7. What is the remainder when k is divided by r?
4
Calculate the remainder when 20/(((-16)/10)/(-4)) + -1 is divided by (1*39)/(-3)*-2.
23
Suppose 3*c + 2*o = -c + 294, 4*o - 91 = -c. What is the remainder when c is divided by 2 + 14 + (4 - 2)?
17
Let o be (2 + -2 - 1) + 2. Suppose -o = -3*i + 8, 0 = s + 5*i - 26. What is the remainder when 54 is divided by s?
10
Suppose 5*c = 22 + 78. Let i(y) = -4*y - 12. Calculate the remainder when c is divided by i(-6).
8
Suppose -5*j = -2*o, 4*o + j = -0*j. Suppose 2*n - 3*v - 25 = o, -2*n - 15 = -v - 50. Calculate the remainder when n is divided by ((-7)/(-2))/(7/14).
6
Suppose 2*u = f, -4*u + 7 = 2*f - u. Let o be (4 + -4)*(f + -1). What is the remainder when 18 is divided by o - -2 - 2 - -10?
8
Let t(j) = -j**2 - j. Let b be t(-1). Let z be (6 + b)*2/(-1). What is the remainder when 28 is divided by (-2)/(-3) - 112/z?
8
Let q be -3*(0 - 22/(-6)). Calculate the remainder when 27 is divided by 1 - (2 + -4) - q.
13
Let w be 17/(-5) - 4/(-10). What is the remainder when (1 - 0) + 28 + w is divided by 14?
12
Let o(m) = -m**3 - 3*m**2 + 12*m + 10. What is the remainder when o(-6) is divided by 8?
6
Suppose -49 = -4*p + 5*x + 27, 4*p + 4*x = 76. What is the remainder when 24 is divided by p?
5
Let x(q) = -5*q + 7. Let f be x(-5). Suppose -f = -2*o + o. Calculate the remainder when o is divided by 17.
15
Suppose -6*j - 64 = -8*j. Let b(m) = -5*m - 3. Calculate the remainder when j is divided by b(-3).
8
Suppose 0*y + 328 = 3*y + b, 3*y = -3*b + 324. Calculate the remainder when y is divided by 16.
14
Let a = -24 - -21. Calculate the remainder when 39 is divided by ((-22)/(-6))/(a/(-9)).
6
Suppose -4*i + 3*h - h + 16 = 0, i - 3 = h. Let p = 4 + -1. Suppose p*d + 8 = 5*d. What is the remainder when i is divided by d?
1
Suppose 4*z + 6 = -18. Let v = 6 - z. Let j = 71 + -36. Calculate the remainder when j is divided by v.
11
Suppose 2*v + j - 151 = 0, 4*v - 4*j - 105 = 191. What is the remainder when v is divided by 39?
36
Let p be (-4 - -4)/((-1)/1). Suppose p = 2*m - 4*s - 46, -2*m = -s + 32 - 84. Let h = -1 + m. What is the remainder when h is divided by 14?
12
Let a = 6 - 11. Let w = a - -8. What is the remainder when 7/2 - 1/(-2) is divided by w?
1
Let g = 86 + -82. What is the remainder when 7 is divided by g?
3
Suppose y + 2*y = 303. What is the remainder when y is divided by 26?
23
Suppose o + 26 = -5*v, v + v = -o - 29. What is the remainder when 2/1 + (-2 - o) is divided by 11?
9
Suppose 2*a + 0 = 6. Suppose -5*y - 14 = -2*w, -a*w + 4*y + 35 = -0*w. What is the remainder when w is divided by 6?
5
Let t = -27 - -34. What is the remainder when t is divided by 3?
1
Let m(v) = v**3 + 3*v**2 - 6*v - 3. Let b be m(-4). Suppose 36 = b*y - y. Calculate the remainder when y is divided by (0 + 10/6)*3.
4
Let k be ((-112)/10)/(1/5). Let f = 5 - 12. Let v = f - k. What is the remainder when v is divided by 17?
15
Suppose -34 = 2*r + 14. Let m be 18/(-8) + (-12)/16. Calculate the remainder when m/((-18)/(-8))*r is divided by 11.
10
What is the remainder when 12/(-9)*(-14 + -4) is divided by 9?
6
Calculate the remainder when 22 is divided by 3*(68/12 + -1).
8
Suppose 2*x - 21 = -3*z, -46 = -3*x - z - 4. Calculate the remainder when 57 is divided by x.
12
Let z be 0*2/(-6)*-1. Suppose 5*p - 9*p + 92 = z. What is the remainder when p is divided by 13?
10
Let d be 3/(-2)*(-48)/18. Suppose 5*i - 3*i - 24 = 4*c, -5*i + 48 = -d*c. What is the remainder when 178/i + 1/(-4) is divided by 8?
6
Let p = -15 + 17. Suppose p*k + 156 = 6*k - 5*f, 3*k - 82 = -5*f. What is the remainder when 135 is divided by k?
33
Suppose 0 = 10*o - 3*o - 56. What is the remainder when 61 is divided by o?
5
Suppose 2 = -3*d - 4. Let p = 12 - d. Calculate the remainder when p is divided by 5.
4
Let l(k) be the first derivative of k**4/4 - 4*k**3/3 - k**2/2 - 3*k + 2. Let a be l(4). Let o = a - -12. Calculate the remainder when o is divided by 2.
1
Let u = 2 + 1. Suppose 0 = -2*y + 4*k + 42, 0 = y + 4*k + 13 - 4. Calculate the remainder when y is divided by u.
2
Let u be -126*(6/(-9) + 0). Suppose 0 = -3*n - b + 2*b + u, 78 = 3*n + b. What is the remainder when n is divided by 7?
6
Let k = -1 - -16. What is the remainder when 42 is divided by k?
12
Suppose -10*j = -5*j - 5. Suppose 21 = 2*f + j. Suppose 2*p + 5*x = 26, -5*p = -4*p + x - f. What is the remainder when p is divided by 5?
3
Suppose -60 = -2*h - h. Let k = -71 + 150. What is the remainder when k is divided by h?
19
Let z(j) = 7*j - 2. Let b(p) = -11*p + 3. Let r(c) = 5*b(c) + 8*z(c). What is the remainder when r(7) is divided by 2?
0
Suppose -41 + 6 = -s. What is the remainder when s is divided by 18?
17
Suppose 2 - 8 = -3*z, 0 = 3*s + 2*z - 64. What is the remainder when 38 is divided by s?
18
Let x be ((-3)/(-2))/((-2)/(-4)). What is the remainder when 2 + (-3)/(x/(-35)) is divided by 19?
18
Let z = -2 - -2. Suppose z = -3*y + 66 - 12. Calculate the remainder when 33 is divided by y.
15
Let m(a) = a**3 + a + 54. Let w(y) = -y + 1. Let g be w(-1). What is the remainder when m(0) is divided by -21*(-3)/(9/g)?
12
What is the remainder when 270/4 - 2/((-20)/(-5)) is divided by 14?
11
Let q(o) = -3*o**2 - 7*o + 9. Let p(h) = 14 + h + 0*h**2 - 12*h - 4*h**2. Let b(m) = 5*p(m) - 8*q(m). Calculate the remainder when 34 is divided by b(-2).
10
Suppose 0 = 2*b - b - 3. Suppose 0 = 4*v - b - 5. Suppose 0 = -4*l + l + v*x + 22, -l - 4*x = 2. What is the remainder when 17 is divided by l?
5
Suppose -19 + 3 = -4*h. Let i = -1 - -3. What is the remainder when h is divided by i?
0
Suppose -16*o + 558 = -10*o. Calculate the remainder when o is divided by 16.
13
Let y = -12 + 3. Let o be ((-6)/(-5))/(y/(-30)). Suppose -o*v + f = -0*f - 97, 0 = f + 5. Calculate the remainder when v is divided by 8.
7
Let i(k) = -3*k**2 + 4*k - 8. Let o(m) = -2*m**2 + 3*m - 9. Let q(s) = 3*i(s) - 4*o(s). What is the remainder when 22 is divided by q(0)?
10
Let t(g) = g**3 - 5*g**2 - 6. Let u = 7 + 0. What is the remainder when t(u) is divided by 31?
30
Let h(k) = k**2 +